= -3*w - 7. Let b(u) = 6*a(u) - 5*p(u). Suppose -2*x - 45 = -57. Calculate b(x).
5
Let a(h) = 26*h - 182. Let i be a(7). Let v(q) = q**2 - q + 51. Calculate v(i).
51
Let v(y) = 4*y**2 + 28*y - 1. Let w(m) = -11*m + 422. Let b be w(39). Calculate v(b).
-1
Let o(i) = 11*i + 7. Let v(m) = -11*m - 6. Let a(f) = -5*o(f) - 6*v(f). Let l(k) = 2*k**3 + 10*k**2 + 8*k + 10. Let u be l(-6). Let g = u + 109. Give a(g).
-10
Let i(y) = y**2 - 7*y + 8. Let j = -142 + 159. Suppose 0 = j*c - 14*c - 18. Determine i(c).
2
Suppose 2*o = -o - 132. Let h = o + 39. Let m(v) = v**3 + 5*v**2 + 7. Let s(j) = 1. Let r(x) = -m(x) + 6*s(x). Determine r(h).
-1
Suppose 3*b + 2*i - 4*i = 6, 0 = 4*b - 5*i - 8. Let c(d) be the first derivative of 0*d**2 + 8/3*d**3 + 0*d - b - 1/4*d**4. Give c(8).
0
Let r be 2*4/(-16)*4. Let n(c) = c. Let y(p) = 3*p + 1. Let o(k) = 3*n(k) - 3*y(k). Calculate o(r).
9
Let r(i) = 2*i**3 + i**2 + 2*i + 3. Let w(o) = -3*o**3 - 2*o**2 - 4*o - 5. Let z(h) = -5*r(h) - 3*w(h). Suppose -u = -3*a - 3*u, 13 = -2*a + 3*u. Give z(a).
8
Let o = 13 - 13. Suppose 3*l + 5*a - 20 = 0, o = -l + 4*a + 2 - 1. Let b(w) = -2*w - 3 - 3 + l. What is b(1)?
-3
Let u = 65 + -52. Suppose 2*c - 1 + u = 0. Let p(o) = o**3 + 5*o**2 - 6*o - 2. Calculate p(c).
-2
Let s(a) = 4*a - 26. Suppose 3*h + 30 = 5*o - h, 6 = o + 5*h. Let x be s(o). Let c(m) = -3*m**2 + m**3 - m**3 - 2*m**3 + 1. What is c(x)?
5
Let t be (-2 + 7 - 0) + -2. Let s(l) = -3*l**3 - l**t + 3*l - 1 + l**2 - 5*l - 3*l**2. Let c = 3 + -4. What is s(c)?
3
Let i(t) be the second derivative of t**7/840 + t**6/72 + t**5/60 + 5*t**4/24 - 4*t**3/3 + 9*t. Let c(q) be the second derivative of i(q). Give c(-5).
-5
Let a(d) be the first derivative of d**3/3 - 9*d**2/2 - 8*d - 174. What is a(11)?
14
Let l(x) be the first derivative of -x**3/3 - 2*x**2 - 6*x - 33. Determine l(-6).
-18
Suppose 0 = -25*f + 30*f - 55. Let o(b) = b**3 - 12*b**2 + 11*b - 7. Determine o(f).
-7
Let u(d) be the second derivative of d**5/20 + d**4/4 - 2*d**3/3 - d**2 - 2*d + 408. Suppose 0 = -j - 1 - 3. Give u(j).
-2
Let c(n) = n**2 - 5*n + 5. Let p be c(4). Let f(s) be the first derivative of 4*s**2 - s + 108. Give f(p).
7
Suppose 3*x = x + 4*j + 32, 43 = 3*x - 5*j. Suppose -2*l = d - 14, -2*d + x*d = 5*l - 22. Let b(c) = c**3 - 6*c**2 + c. Determine b(l).
6
Let a(k) = k**3 - 8*k**2 - 9*k - 11. Let n(b) = -2*b + 23. Let z be n(9). Suppose -z*w - 2*l + 37 = 0, 1 = 2*w + 3*l - 5. What is a(w)?
-11
Let w(k) = -15*k**2 - 107*k - 3 + 2 + 105*k. Determine w(-1).
-14
Let y(v) = v**2 + 3 + 6*v - 4*v**2 + 5*v - 12*v + v**3. Calculate y(3).
0
Suppose 16 - 14 = m. Let z(p) = p + 2 + 2*p - m*p. Suppose 2*x - 14 = 3*a, 4*a = 5*x + 15 - 43. Give z(a).
0
Let d(k) be the first derivative of k**7/420 - k**6/360 + k**5/120 - k**4/12 + k**3/3 - 15. Let g(v) be the third derivative of d(v). Give g(2).
12
Suppose -2*u + 2*n - 4 = -10, -n + 33 = 5*u. Suppose u*b = b. Let j(t) = -16*t + 10*t + 7*t - 12. Determine j(b).
-12
Let z = -23 + 54. Let i = -33 + z. Let q(m) = 6*m + 1. Calculate q(i).
-11
Let b(n) = n**2 - n - 13. Let u(w) be the third derivative of -w**6/120 - w**5/12 + 5*w**4/24 - w**3 + 11*w**2. Let z be u(-6). Give b(z).
-13
Suppose -6*g + g = 0. Suppose -2*u + 19 + 17 = 0. Suppose 16*x - u*x - 10 = g. Let z(f) = f**2 + 6*f + 3. What is z(x)?
-2
Let r = -223 - -230. Let k(m) be the third derivative of 0 + r*m**2 + 0*m + 5/24*m**4 - 5/6*m**3. What is k(4)?
15
Let z(l) = -l - 7. Let m(j) = 5*j + 39. Let d(o) = m(o) + 4*z(o). What is d(-3)?
8
Let k(s) = s**2 + s - 3. Suppose 9 + 50 = 3*z - 4*w, -2*z + 5*w = -44. Let j = 14 - z. Give k(j).
3
Suppose -3*t + 76 + 131 = 0. Let b be ((9/(-2))/3)/(t/(-184)). Let v(c) = c - 4. Calculate v(b).
0
Let l(f) = -f**3 - 2*f**2 + 2*f + 1. Let a = -266 + 268. Determine l(a).
-11
Let x(i) = i**2 - 2*i + 1. Suppose -4 = -9*h + 23. Calculate x(h).
4
Let m(w) = w + 5. Let b = -10 + 14. Let n(g) = -3*g - 14. Let v(t) = 6*t + 28. Let z(x) = 5*n(x) + 2*v(x). Let f(r) = b*z(r) + 11*m(r). Calculate f(-3).
2
Suppose -3*q - 2*r = 0, 0 = 4*q - 6*q + 4*r. Let u(c) = c**3 + c + 9. Determine u(q).
9
Let r(h) = 2*h + 27. Let v be -31 + 5/(55/132). Calculate r(v).
-11
Suppose -10*u + 11*u - 4 = 0. Suppose -10 = b + u*b. Let p(f) = f**3 - f**2 - f - 2. Give p(b).
-12
Let y(r) = -3*r - 4. Let j(q) = -q + 10. Let z be j(8). Suppose g = -4*o + 11, 0*o = 3*o - z*g - 22. Suppose -o*x - 14 = -2. What is y(x)?
5
Let p(v) = -4*v**3 + 3*v**2 - 4*v + 11. Let o(h) = h**3 + h**2 + h - 2. Let f(i) = 3*o(i) + p(i). Calculate f(6).
-1
Let m(y) = 3*y**2 + 21*y - 21. Let t be m(1). Let p(a) = 3*a**2 - 3*a + 3. Give p(t).
21
Let t(u) = u**2 + 6*u - 26. Let k be t(-9). Let y(p) = -2*p - 5. Let h(a) = -4*a - 9. Let s(d) = 6*h(d) - 11*y(d). Give s(k).
-1
Let x(n) = 10*n - 7*n - 17 + 55 - 6*n. Determine x(11).
5
Let o(x) be the second derivative of x**5/120 + 11*x**3/6 - 8*x. Let p(r) be the second derivative of o(r). Suppose 3*c - 2 = 10. Determine p(c).
4
Let j(y) = 2*y**3 + y**2 + 5*y - 7. Let g(d) = 5*d**3 + 3*d**2 + 14*d - 19. Let k(b) = 3*g(b) - 8*j(b). Let i = -1 - -3. Give k(i).
-1
Let p(w) be the first derivative of w**3/3 + 2*w**2 + 2*w + 185. What is p(-4)?
2
Let o = 1611 - 1620. Let h(r) = -r**3 - 8*r**2 + 7*r - 20. Give h(o).
-2
Let g(z) be the second derivative of -1/12*z**4 - z**2 - 3*z + 7/6*z**3 + 0. Let d = -8 - -15. Determine g(d).
-2
Let a(w) be the second derivative of -5*w**5/4 + w**3/3 - w**2/2 + 211*w. Let u be (-6 + 3)/(-9)*3. Give a(u).
-24
Let c(t) = 5 - 46*t + 97*t - 46*t - t**3 - 24*t**2 + 51*t**2 - 26*t**2. What is c(-2)?
7
Suppose -4*c + 12 = -5*j + 65, -j = c - 7. Let q(x) = x - 9. Let p be q(j). Suppose 3*d - 8*d + 30 = p. Let m(l) = -l**2 + 5*l. What is m(d)?
-6
Let d(s) = -s**3 + 2*s**2 + 2. Let n be d(2). Let u(w) = -1 + 4*w - 2*w**n + 8 + w**2. Let f be (450/(-200))/((-22)/16 + 1). Determine u(f).
-5
Let r = 2 + -4. Let s be 6 - (-3)/(3/r). Suppose -2*a + 3*d - 4 = 0, -a - s = -2*d - 1. Let n(i) = 2*i**2 + i - 1. Calculate n(a).
2
Suppose 0 = -10*o - 12 - 118. Let w(j) = -j**2 - 17*j - 56. Calculate w(o).
-4
Suppose -p + 78 = 82. Let u(q) = -q**3 - 6*q**2 - 5*q + 2. Determine u(p).
-10
Let w(i) = 15 + 8*i - 7 - 5. Let o be 6/(-4) + (-4)/8. Determine w(o).
-13
Let l(n) be the first derivative of -2*n**3/3 - n**2 + 3*n + 182. Calculate l(3).
-21
Suppose -4*j = -46 + 14. Let d(b) be the first derivative of -4*b + 2/3*b**3 + b**2 + j. Determine d(-3).
8
Let m(c) = -c**3 + 3*c**2 - 8*c - 19. Let f(u) = -3*u**3 + 8*u**2 - 21*u - 58. Let d(z) = 3*f(z) - 8*m(z). Give d(0).
-22
Let d(a) be the first derivative of -1/4*a**4 - 15 - 3*a - 4/3*a**3 + 3/2*a**2. Determine d(-4).
-15
Let v be -1*(-9 + 0 + 3 - -6). Let x(n) = n**2 + n + 5. Determine x(v).
5
Let k be ((-24)/16)/(3/4). Let w be -4*(3/k - -1). Let x(u) = -u + 9 - 4 + w. Calculate x(5).
2
Let h(f) = 14*f**3 - 6*f**2 - 7*f + 6. Let o(d) = 33*d**3 - 11*d**2 - 14*d + 11. Let b(k) = 7*h(k) - 3*o(k). Determine b(-8).
1
Let y(w) be the third derivative of -w**5/120 - w**4/12 - 2*w**3 + 9*w**2. Let v(t) be the first derivative of y(t). Determine v(-3).
1
Let j(b) = -b. Let q(s) = -s**2 + 4*s. Let y(r) = 2*j(r) + q(r). Let w(a) = -a**2 - 6*a + 13. Let u be w(-8). Let z be (u - -3) + (1 - -2). What is y(z)?
-3
Let i = 489 + -486. Let y(t) be the second derivative of 0 - 6*t - 1/12*t**4 - t**i + 3/2*t**2. Give y(-4).
11
Let b(a) be the first derivative of a**2 - 8*a + 2. Let j be 5 - (-7 + (-4 - -10)). What is b(j)?
4
Let z(v) = 163*v + v**3 - 3 - 78*v - 84*v - 3*v**2. Determine z(3).
0
Let y(j) = 7*j + 2. Let c(q) = q + 1. Let v(i) = 3*c(i) - y(i). Let r be 2/3 + 170/51. Suppose 0 = r*n - 3 - 9. Give v(n).
-11
Suppose -3*p - 3*r - r + 12 = 0, p - r = 4. Suppose -p*o + 30 = o. Let k(q) be the second derivative of q**3/6 - 4*q**2 - 3318*q. Give k(o).
-2
Let r(c) = 4*c**2 - 20*c + 25. Suppose -l = 2*l + 12, -21 = n + 3*l. Let p(f) = f**2 - 5*f + 6. Let j(g) = n*p(g) + 2*r(g). What is j(3)?
2
Let v(p) = -p**2 + 52*p + 75. Let f(o) = -13*o - 18. Let k(m) = 9*f(m) + 2*v(m). What is k(-6)?
-6
Let a(c) be the third derivative of -26*c**2 + 0*c + 0 + 1/24*c**4 + 1/3*c**3. Give a(-6).
-4
Let p(n) = -n**3 - 5*n**2 + 5*n - 1. Let t = -80 + 56. Let l be ((-54)/t)/((-9)/24). What is p(l)?
5
Suppose -4*u + 